s digit of 4647921?
9
What is the units digit of 66059564?
4
What is the millions digit of 43752457?
3
What is the tens digit of 269584200?
0
What is the hundred millions digit of 4113664654?
1
What is the ten millions digit of 2539434725?
3
What is the billions digit of 7880148015?
7
What is the hundreds digit of 1275765189?
1
What is the hundred thousands digit of 35495751?
4
What is the millions digit of 567794291?
7
What is the thousands digit of 165288948?
8
What is the ten thousands digit of 882602563?
0
What is the hundred thousands digit of 2105526717?
5
What is the millions digit of 2355498546?
5
What is the ten thousands digit of 53162181?
6
What is the thousands digit of 30017216?
7
What is the ten millions digit of 21572955?
2
What is the tens digit of 42554889?
8
What is the hundred thousands digit of 2889304173?
3
What is the hundred thousands digit of 268229161?
2
What is the units digit of 460337554?
4
What is the tens digit of 868501702?
0
What is the units digit of 94887428?
8
What is the thousands digit of 4201690?
1
What is the hundred thousands digit of 61248492?
2
What is the units digit of 4914951795?
5
What is the millions digit of 149168509?
9
What is the hundred thousands digit of 367907509?
9
What is the hundred thousands digit of 192963314?
9
What is the hundred thousands digit of 740684709?
6
What is the tens digit of 4801420?
2
What is the tens digit of 356275064?
6
What is the ten thousands digit of 608712989?
1
What is the thousands digit of 63869403?
9
What is the hundred thousands digit of 695057099?
0
What is the hundreds digit of 31395751?
7
What is the billions digit of 1730772980?
1
What is the millions digit of 118829426?
8
What is the ten millions digit of 1790072208?
9
What is the millions digit of 1270721401?
0
What is the millions digit of 1008816?
1
What is the ten thousands digit of 4187806137?
0
What is the hundreds digit of 1367251402?
4
What is the ten millions digit of 56849292?
5
What is the hundreds digit of 478076797?
7
What is the ten thousands digit of 133792564?
9
What is the millions digit of 24025023?
4
What is the thousands digit of 4349558575?
8
What is the ten millions digit of 27979068?
2
What is the tens digit of 92522990?
9
What is the tens digit of 416331170?
7
What is the thousands digit of 611016326?
6
What is the tens digit of 6527872830?
3
What is the tens digit of 475930798?
9
What is the ten thousands digit of 106454578?
5
What is the hundreds digit of 49526985?
9
What is the ten thousands digit of 899244401?
4
What is the ten millions digit of 1416581276?
1
What is the hundreds digit of 82472054?
0
What is the billions digit of 3279920210?
3
What is the hundred thousands digit of 524973449?
9
What is the hundred millions digit of 512811778?
5
What is the units digit of 489753514?
4
What is the millions digit of 44443390?
4
What is the units digit of 1466421515?
5
What is the tens digit of 453900675?
7
What is the tens digit of 191314739?
3
What is the tens digit of 47958868?
6
What is the tens digit of 3461959398?
9
What is the hundred thousands digit of 48742092?
7
What is the ten millions digit of 156198984?
5
What is the hundred thousands digit of 3119576173?
5
What is the millions digit of 89971129?
9
What is the hundreds digit of 14082806?
8
What is the tens digit of 330373519?
1
What is the millions digit of 26932667?
6
What is the tens digit of 6205351008?
0
What is the ten millions digit of 211381115?
1
What is the ten thousands digit of 121921245?
2
What is the hundreds digit of 24399656?
6
What is the hundreds digit of 2005272337?
3
What is the units digit of 16446937?
7
What is the ten thousands digit of 471994986?
9
What is the tens digit of 624485325?
2
What is the hundreds digit of 62893478?
4
What is the tens digit of 52984108?
0
What is the hundreds digit of 119663983?
9
What is the hundreds digit of 385551267?
2
What is the hundred thousands digit of 320984705?
9
What is the units digit of 683322610?
0
What is the tens digit of 902459794?
9
What is the thousands digit of 52140943?
0
What is the thousands digit of 582485280?
5
What is the hundred thousands digit of 54259762?
2
What is the thousands digit of 85609020?
9
What is the units digit of 453625300?
0
What is the units digit of 301443654?
4
What is the ten thousands digit of 519321603?
2
What is the thousands digit of 1976424655?
4
What is the millions digit of 38510532?
8
What is the thousands digit of 67224685?
4
What is the thousands digit of 2407910038?
0
What is the units digit of 45010397?
7
What is the ten millions digit of 152489702?
5
What is the ten millions digit of 4355974619?
5
What is the ten thousands digit of 4381715551?
1
What is the millions digit of 24501972?
4
What is the tens digit of 73233342?
4
What is the hundreds digit of 59756388?
3
What is the ten millions digit of 54764993?
5
What is the tens digit of 435205456?
5
What is the thousands digit of 32410439?
0
What is the thousands digit of 2620119407?
9
What is the hundred thousands digit of 2920223?
9
What is the units digit of 183088690?
0
What is the hundred millions digit of 189793527?
1
What is the millions digit of 3475597178?
5
What is the ten millions digit of 4486475057?
8
What is the hundred millions digit of 2749742878?
7
What is the ten thousands digit of 1247540722?
4
What is the millions digit of 422294799?
2
What is the thousands digit of 1579292509?
2
What is the ten millions digit of 5286580868?
8
What is the tens digit of 64815620?
2
What is the ten thousands digit of 48192504?
9
What is the thousands digit of 31651741?
1
What is the ten millions digit of 2646067283?
4
What is the ten thousands digit of 1053712819?
1
What is the units digit of 70959076?
6
What is the hundreds digit of 21496603?
6
What is the hundred millions digit of 131820748?
1
What is the hundreds digit of 47559201?
2
What is the units digit of 968049227?
7
What is the tens digit of 23918402?
0
What is the thousands digit of 92444951?
4
What is the millions digit of 82027584?
2
What is the thousands digit of 37344046?
4
What is the hundred thousands digit of 79296467?
2
What is the thousands digit of 1727483860?
3
What is the hundreds digit of 3843175330?
3
What is the hundred thousands digit of 4576952112?
9
What is the millions digit of 560499793?
0
What is the thousands digit of 597131154?
1
What is the hundreds digit of 31438056?
0
What is the hundreds digit of 1119526120?
1
What is the hundred thousands digit of 36971288?
9
What is the hundred thousands digit of 858091387?
0
What is the billions digit of 2185233371?
2
What is the ten thousands digit of 136943841?
4
What is the ten millions digit of 37919166?
3
What is the hundreds digit of 169385873?
8
What is the millions digit of 11235543?
1
What is the hundred millions digit of 524280772?
5
What is the hundred thousands digit of 49788466?
7
What is the tens digit of 1546127768?
6
What is the hundred thousands digit of 1577308600?
3
What is the millions digit of 80738179?
0
What is the hundred thousands digit of 29090422?
0
What is the hundreds digit of 133889376?
3
What is the thousands digit of 291622367?
2
What is the ten thousands digit of 100067617?
6
What is the hundreds digit of 94574348?
3
What is the hundreds digit of 32745024?
0
What is the ten thousands digit of 992341847?
4
What is the hundreds digit of 45110958?
9
What is the millions digit of 48316094?
8
What is the millions digit of 109150257?
9
What is the millions digit of 1250968517?
0
What is the millions digit of 962202383?
2
What is the ten millions digit of 538023872?
3
What is the thousands digit of 43727357?
7
What is the millions digit of 4805608844?
5
What is the units digit of 132274540?
0
What is the hundreds digit of 48585666?
6
What is the units digit of 176136626?
6
What is the thousands digit of 25922749?
2
What is the hundred thousands digit of 482032402?
0
What is the billions digit of 1335005766?
1
What is the thousands digit of 836456729?
6
What is the units digit of 57237226?
6
What is the millions digit of 1809303479?
9
What is the units digit of 247456177?
7
What is the hundred millions digit of 456131415?
4
What is the tens digit of 549795506?
0
What is the tens digit of 6526700?
0
What i